st the prime factors of 48296.
2, 6037
What are the prime factors of 4717?
53, 89
List the prime factors of 84699.
3, 3137
What are the prime factors of 2382?
2, 3, 397
List the prime factors of 22869.
3, 7, 11
What are the prime factors of 66305?
5, 89, 149
List the prime factors of 3724.
2, 7, 19
List the prime factors of 31146.
2, 3, 29, 179
What are the prime factors of 154326?
2, 3, 17, 89
What are the prime factors of 1801?
1801
What are the prime factors of 1560?
2, 3, 5, 13
What are the prime factors of 65564?
2, 37, 443
List the prime factors of 2210.
2, 5, 13, 17
What are the prime factors of 7809?
3, 19, 137
List the prime factors of 11142.
2, 3, 619
List the prime factors of 74820.
2, 3, 5, 29, 43
List the prime factors of 3040.
2, 5, 19
List the prime factors of 1141.
7, 163
What are the prime factors of 5377?
19, 283
What are the prime factors of 15313?
15313
List the prime factors of 35580.
2, 3, 5, 593
What are the prime factors of 40935?
3, 5, 2729
What are the prime factors of 78890?
2, 5, 7, 23
What are the prime factors of 139296?
2, 3, 1451
What are the prime factors of 3254?
2, 1627
What are the prime factors of 46879?
7, 37, 181
List the prime factors of 728.
2, 7, 13
List the prime factors of 2508.
2, 3, 11, 19
What are the prime factors of 52036?
2, 13009
List the prime factors of 5509.
7, 787
List the prime factors of 10457.
10457
What are the prime factors of 50870?
2, 5, 5087
List the prime factors of 6313.
59, 107
What are the prime factors of 1191?
3, 397
List the prime factors of 29563.
17, 37, 47
List the prime factors of 737.
11, 67
List the prime factors of 3054.
2, 3, 509
What are the prime factors of 21669?
3, 31, 233
What are the prime factors of 6625?
5, 53
List the prime factors of 7503.
3, 41, 61
List the prime factors of 44652.
2, 3, 61
List the prime factors of 883.
883
What are the prime factors of 67884?
2, 3, 5657
What are the prime factors of 4411?
11, 401
List the prime factors of 44117.
157, 281
List the prime factors of 6307.
7, 17, 53
What are the prime factors of 6764?
2, 19, 89
What are the prime factors of 28872?
2, 3, 401
What are the prime factors of 234?
2, 3, 13
What are the prime factors of 2232?
2, 3, 31
List the prime factors of 17697.
3, 17, 347
List the prime factors of 14885.
5, 13, 229
What are the prime factors of 19216?
2, 1201
What are the prime factors of 15698?
2, 47, 167
What are the prime factors of 16867?
101, 167
What are the prime factors of 26734?
2, 13367
List the prime factors of 7697.
43, 179
List the prime factors of 3858.
2, 3, 643
List the prime factors of 4721.
4721
List the prime factors of 481.
13, 37
List the prime factors of 903.
3, 7, 43
List the prime factors of 10675.
5, 7, 61
List the prime factors of 2346.
2, 3, 17, 23
List the prime factors of 6787.
11, 617
List the prime factors of 680.
2, 5, 17
What are the prime factors of 6?
2, 3
List the prime factors of 10761.
3, 17, 211
What are the prime factors of 1591?
37, 43
What are the prime factors of 21091?
7, 23, 131
List the prime factors of 2030.
2, 5, 7, 29
List the prime factors of 13722.
2, 3, 2287
List the prime factors of 9980.
2, 5, 499
List the prime factors of 16812.
2, 3, 467
List the prime factors of 328.
2, 41
What are the prime factors of 5663?
7, 809
List the prime factors of 21564.
2, 3, 599
List the prime factors of 97144.
2, 12143
List the prime factors of 4282.
2, 2141
What are the prime factors of 1552?
2, 97
What are the prime factors of 645?
3, 5, 43
List the prime factors of 470.
2, 5, 47
What are the prime factors of 46541?
11, 4231
List the prime factors of 758.
2, 379
List the prime factors of 523.
523
What are the prime factors of 11197?
11197
List the prime factors of 5460.
2, 3, 5, 7, 13
List the prime factors of 661.
661
What are the prime factors of 53571?
3, 7, 2551
What are the prime factors of 41049?
3, 4561
What are the prime factors of 33938?
2, 71, 239
List the prime factors of 2187.
3
List the prime factors of 906.
2, 3, 151
List the prime factors of 2002.
2, 7, 11, 13
List the prime factors of 12395.
5, 37, 67
List the prime factors of 32168.
2, 4021
List the prime factors of 9599.
29, 331
List the prime factors of 997.
997
List the prime factors of 3447.
3, 383
What are the prime factors of 2455?
5, 491
List the prime factors of 5182.
2, 2591
List the prime factors of 194.
2, 97
List the prime factors of 7791.
3, 7, 53
What are the prime factors of 29689?
11, 2699
List the prime factors of 1374.
2, 3, 229
List the prime factors of 43910.
2, 5, 4391
List the prime factors of 1962.
2, 3, 109
What are the prime factors of 3278?
2, 11, 149
List the prime factors of 1751.
17, 103
List the prime factors of 19978.
2, 7, 1427
List the prime factors of 26474.
2, 7, 31, 61
What are the prime factors of 8410?
2, 5, 29
List the prime factors of 101755.
5, 47, 433
What are the prime factors of 8419?
8419
List the prime factors of 858.
2, 3, 11, 13
What are the prime factors of 15396?
2, 3, 1283
List the prime factors of 142485.
3, 5, 7, 23, 59
List the prime factors of 2198.
2, 7, 157
List the prime factors of 7374.
2, 3, 1229
List the prime factors of 323.
17, 19
What are the prime factors of 44837?
13, 3449
List the prime factors of 1865.
5, 373
List the prime factors of 2661.
3, 887
What are the prime factors of 4292?
2, 29, 37
What are the prime factors of 2117?
29, 73
List the prime factors of 4317.
3, 1439
What are the prime factors of 6266?
2, 13, 241
List the prime factors of 8699.
8699
What are the prime factors of 113106?
2, 3, 7, 2693
List the prime factors of 9748.
2, 2437
List the prime factors of 30182.
2, 15091
List the prime factors of 468.
2, 3, 13
What are the prime factors of 2824?
2, 353
List the prime factors of 41833.
11, 3803
List the prime factors of 50716.
2, 31, 409
What are the prime factors of 45384?
2, 3, 31, 61
What are the prime factors of 4014?
2, 3, 223
List the prime factors of 86839.
37, 2347
What are the prime factors of 38166?
2, 3, 6361
What are the prime factors of 2303?
7, 47
What are the prime factors of 23349?
3, 43, 181
What are the prime factors of 9994?
2, 19, 263
List the prime factors of 3662.
2, 1831
List the prime factors of 45371.
59, 769
What are the prime factors of 10453?
10453
List the prime factors of 2594.
2, 1297
What are the prime factors of 3505?
5, 701
List the prime factors of 3537.
3, 131
List the prime factors of 38697.
3, 12899
List the prime factors of 21865.
5, 4373
List the prime factors of 2629.
11, 239
List the prime factors of 5861.
5861
List the prime factors of 487.
487
List the prime factors of 830.
2, 5, 83
What are the prime factors of 5072?
2, 317
List the prime factors of 3200.
2, 5
What are the prime factors of 27369?
3, 3041
What are the prime factors of 6540?
2, 3, 5, 109
List the prime factors of 125.
5
List the prime factors of 1161.
3, 43
List the prime factors of 5345.
5, 1069
What are the prime factors of 23695?
5, 7, 677
What are the prime factors of 603?
3, 67
What are the prime factors of 113?
113
What are the prime factors of 4520?
2, 5, 113
What are the prime factors of 753?
3, 251
List the prime factors of 1707.
3, 569
List the prime factors of 93948.
2, 3, 7829
List the prime factors of 1106.
2, 7, 79
List the prime factors of 1444.
2, 19
List the prime factors of 6197.
6197
What are the prime factors of 9533?
9533
List the prime factors of 2690.
2, 5, 269
What are the prime factors of 7398?
2, 3, 137
List the prime factors of 521.
521
What are the prime factors of 83773?
83773
What are the prime factors of 1414?
2, 7, 101
List the prime factors of 134991.
3, 53, 283
What are the prime factors of 188?
2, 47
What are the prime factors of 4060?
2, 5, 7, 29
What are the prime factors of 518?
2, 7, 37
What are the prime factors of 53365?
5, 13, 821
List the prime factors of 6017.
11, 547
What are the prime factors of 16875?
3, 5
List the prime factors of 435.
3, 5, 29
List the prime factors of 885.
3, 5, 59
What are the prime factors of 12444?
2, 3, 17, 61
List the prime factors of 8371.
11, 761
List the prime factors of 41386.
2, 20693
List the prime factors of 766.
2, 383
List the prime factors of 46955.
5, 9391
What are the prime factors of 5711?
5711
What are the prime factors of 38